-4 - 0) - 5.
-5
What is 12 + (0 - -7 - 7) - 6?
6
What is the value of 2 - (-2 + -4 + 5 + -1)?
4
What is (11 - 1 - 6) + -9?
-5
7 - (-2 + (9 - 2))
2
What is 0 - -7 - (0 - -4)?
3
Calculate 0 + (-4 - (-5 + 0 + -4)).
5
What is (-1 - 5) + 30 + -26?
-2
What is the value of 1 - (3 - (-4 - -5) - 1)?
0
Calculate 3 + -13 + 9 + -6.
-7
(9 - (25 + -3)) + 12
-1
Calculate 1 + 2 - -5 - 0 - 2.
6
Calculate -9 + -4 + 7 - -8.
2
3 - 0 - (-4 + 7 + -3)
3
Calculate -11 + 6 + (-7 - -4).
-8
What is (0 - (1 + -2)) + -1 + 2?
2
3 + -14 + 3 + 7
-1
0 + 0 + -4 + 1 + -1
-4
Evaluate 10 + -3 + -21 + 9.
-5
What is the value of -4 - (2 - (1 - 3) - 5)?
-3
(-1 - -1) + -2 - 0 - -6
4
Evaluate 1 - ((7 - 10) + 1).
3
Calculate 2 + (-4 + 4 - -4) - 11.
-5
3 - (-8 + 8 + 4)
-1
What is (-2 - -3 - 13) + 7 - 2?
-7
What is the value of -2 + 5 + 0 + 1?
4
What is 2 + -3 - 0 - (-5 + 1)?
3
What is ((-3 - -5) + -1 - 1) + 2?
2
What is 0 + 0 + 3 - 3?
0
Calculate 2 + (-11 - -9) + -3.
-3
What is the value of (18 - 5 - 2) + (-12 - -10)?
9
-1 + 5 + (1 - 9)
-4
What is -3 + (-2 - -1 - -1)?
-3
Calculate (5 - (4 - 3)) + -8.
-4
Calculate -7 + 8 + -7 + 7.
1
Calculate (5 + -14 - -3) + 7 + 5.
6
What is the value of (-3 - -2) + 1 + -1 - 4?
-5
What is 19 + (3 + -4 - 7) + -4?
7
What is the value of 2 + 0 + (-3 - 3) + 5?
1
Evaluate -2 - (2 - 1) - (-3 + 2).
-2
-12 - -1 - (-75 + 66)
-2
Evaluate -4 - ((3 - 5) + -2).
0
-3 + (-1 - 1) - (8 - 10)
-3
What is (1 - 0) + 0 - (-144 - -150)?
-5
Calculate 8 - 2 - (10 + -8).
4
What is the value of -1 + (-13 - 0) + 6?
-8
-2 + 4 + -5 + 4
1
(-5 - (0 - 7)) + -7
-5
8 + -2 - 0 - (-50 - -52)
4
What is -3 + (1 - 3) + (-4 - -4)?
-5
Evaluate (-5 - -6) + -6 + 3.
-2
What is -2 - -3 - (3 + -6 - 0)?
4
What is 1 - ((4 - 6) + -2 + 0)?
5
9 - (-11 + (11 - 0))
9
Calculate -5 - 4 - (2 - 6).
-5
Calculate 3 - -1 - (5 - 0).
-1
Calculate (7 - (6 + -3) - -1) + -4.
1
What is (-6 - -5) + (-7 - -2 - -2)?
-4
What is the value of 0 + -1 - -5 - 8?
-4
What is the value of 4 - (1 + (4 - -2) + -10)?
7
What is -1 - ((2 - 5) + (2 - 1))?
1
What is the value of 8 + (0 - (2 - 2))?
8
What is the value of (-3 - -6) + (0 - 3 - -1)?
1
What is the value of 10 + (-14 - -5) + (-3 - -2)?
0
(-4 - -4 - -5) + -1 + 3
7
Calculate -2 - -3 - (5 + -2 + -5).
3
What is 14 + -6 - 8 - 1?
-1
Evaluate 7 - (10 + -13 + 6 + 7).
-3
Calculate 6 + 6 + -1 + -6.
5
What is the value of -2 - (-4 - -4) - 3?
-5
Calculate (8 - 12) + (-2 - (-1 - 2)).
-3
-2 + -1 - -4 - -3
4
What is 3 + (2 - 0) + -2 + 1?
4
What is the value of -2 - 4 - -2 - 1?
-5
Evaluate -9 + -9 + 17 + 7.
6
Calculate -1 - (1 - ((-3 - -3) + 1)).
-1
-9 + 15 + -12 - -7
1
What is -2 - (-15 + 6 + 5) - 3?
-1
What is the value of 4 + -7 + 2 + -1?
-2
Evaluate -1 + 2 - 3 - (-1 + 2).
-3
Calculate -8 - (-16 + -7 + 8).
7
Calculate -5 + (2 - (0 + -1)).
-2
Calculate 3 + (-5 - ((-3 - -3) + -2)).
0
Calculate -2 + (9 - (-10 - -15)).
2
8 - 18 - -13 - 10
-7
3 - ((2 - 1) + -1)
3
Calculate 4 + (-4 - -5) - (6 + -4).
3
What is -2 - -2 - (-4 + 6 + -3)?
1
Calculate -8 + (5 - 0 - 3).
-6
Calculate -3 - (-12 - (-5 - 2)).
2
-3 - (-6 + 4 + -5)
4
What is the value of 6 + -1 + (-10 - -3)?
-2
Evaluate 2 - (-8 - -5 - -2).
3
1 + -2 + 2 - -1
2
Calculate (6 - (3 + -1)) + (0 - 2).
2
Evaluate (6 - 0) + (17 - 23).
0
Calculate -2 - -11 - 7 - -2 - 12.
-8
What is the value of (-58 - -60) + 1 + 1?
4
2 - 2 - (3 - 2)
-1
Evaluate 3 + (2 - 4) - 0.
1
Calculate -1 - 4 - (4 + 0 + -5).
-4
Evaluate -3 + -2 - (9 - 18).
4
What is 1 - -5 - (13 - 3)?
-4
What is -2 - -1 - (4 + -10 + 4)?
1
Calculate -14 + (6 - 3 - -1).
-10
Calculate (3 + -4 - (6 - 9)) + -5.
-3
Evaluate (1 - -1 - -1 - 4) + -2.
-3
Calculate 3 - (-4 + -6 - -6).
7
Evaluate 15 - 0 - -2 - 8 - 1.
8
What is -9 + (-5 - -9) - (0 - -2)?
-7
(2 - 2 - -1 - -1) + 2
4
Evaluate (0 + 0 + 4 - 9) + 3.
-2
(8 + -17 - 1) + 5
-5
What is 12 - 5 - 1 - 6?
0
(-6 - ((-3 - -3) + -4)) + -3
-5
Evaluate -8 + -9 + (20 - 4).
-1
Calculate 6 - (-3 - -6) - (7 - 3).
-1
Calculate -8 + (-4 - -14) - 7.
-5
What is (-2 - 10) + 6 + -1 + 2?
-5
What is 5 + -6 + 5 + -14 + 7?
-3
Calculate -1 - (-3 + 1 + 7).
-6
What is the value of (-6 - -2 - (-3 + -5)) + -5?
-1
What is 8 + -7 + 2 + -3?
0
What is the value of -21 + 8 - (9 + -16)?
-6
What is -1 - 3 - (-7 - (0 + -7))?
-4
0 + (5 - (8 - 0)) + 2
-1
Calculate -6 - (7 + -21 + 7 - -3).
-2
Evaluate 5 + 12 + -23 - (-1 + -2).
-3
What is (-4 - -4 - -3 - -1) + -3?
1
Evaluate (28 - 19) + -1 + -7.
1
Calculate -4 - (-6 + 3 + 1 + 4).
-6
What is 2 + 0 + (-3 + -2 - -2)?
-1
(3 - (1 + 1)) + (2 - 3)
0
Evaluate -5 + -2 + (4 - 0) - -1.
-2
What is 2 - (-3 + (2 - 0))?
3
What is the value of -2 + (1 - (5 - 6))?
0
Calculate 6 + (-2 - 3) + 1.
2
Calculate (1 - (6 + -3)) + 4 + 1.
3
What is the value of (-1 - 0) + 15 + -10?
4
Calculate 2 - (-2 + -5 - -7).
2
Evaluate (0 + -3 - -3) + -5 - -3.
-2
What is 1 + (-6 + 5 - (-1 - 1))?
2
Calculate -4 + 0 + 3 - 2.
-3
Calculate -12 + (-8 - (-10 - 5)).
-5
-1 - (-14 - -21) - 2
-10
What is 1 - (-2 + 2) - (-3 + 2)?
2
Evaluate -5 - (-4 + 10 - (14 + -2)).
1
Calculate 3 + -1 + 12 + -19.
-5
6 - ((-1 + 4 - -3) + -2)
2
-2 - (4 - (10 + -6))
-2
Evaluate 7 + -3 + 2 + -4.
2
Evaluate 1 + (-11 - -20) - 1.
9
3 + (0 + -6 - (15 + -21))
3
What is the value of 2 - (-6 - (-7 - -4))?
5
Calculate -27 - -29 - (-9 + 3) - 2.
6
What is -31 + 35 + 1 + -4?
1
Evaluate -4 - -6 - -2 - (1 - -3).
0
Evaluate -26 + 24 - (1 - 1).
-2
Evaluate -4 + -1 + (5 - -3).
3
What is (0 + 8 - 13) + 9?
4
Evaluate -1 + 1 - (3 - (-10 + 14)).
1
Calculate (-2 - (-2 + -2)) + 1.
3
Evaluate 4 - (5 + -2 + -2).
3
-5 + 0 + 3 + 7
5
What is -1 + (2 - 2) + 5?
4
-6 - ((37 - 34) + (0 - 1))
-8
Calculate 2 + (6 - 1) - 9.
-2
What is (7 - 21 - 0) + 9?
-5
Evaluate (-2 - -3) + -3 - (-1 - 0).
-1
-19 + 20 + -1 + 3 + 0
3
Evaluate 13 + -20 - (-1 + -1).
-5
What is (-1 - (-1 - -9)) + 5?
-4
Calculate -1 - -3 - (4 + -1 - 4).
3
Calculate (-5 - (-5 + 1)) + -4 + 11.
6
What is 2 + (1 - 6 - 2) + -1?
-6
What is the value of -1 + (-1 + -3 + 0 - -6)?
1
Calculate 1 + -4 - (-37 - -37).
-3
-4 + -3 - (1 + -4 + 1)
-5
What is the value of -1 - -7 - (43 - 36)?
-1
(2 - 0) + (-5 - -8 - 6)
-1
What is (5 - 2) + -3 + -4?
-4
Evaluate 4 + 8 + -13 + -3.
-4
What is the value of (1 - -1) + (-5 - (-1 - 2))?
0
What is -4 + (-1 - (5 - 8))?
-2
Evaluate (3 - -1) + (-2 + 0 - -3).
5
(0 - 3 - -1 - -4) + -2
0
What is the value of (-2 - -6) + (3 - 8)?
-1
Evaluate -8 + 1 - (-3 + 1).
-5
Calculate -14 + (7 - 4) - (2 + -7).
-6
What is the value of 1 + (3 - (7 + -2)) + -3?
-4
What is the value of 2 + 1 - (26 + -19)?
-4
Evaluate 18 - 7 - (0 + 7).
4
Calculate -1 - (8 - (-1 + 18 + -4)).
4
Evaluate -2 - 0 - -3 - 1.
0
What is the value of 0 - 5 - (3 - (1 + 1))?
-6
4 + (-4 - -2) + (-8 - -1)
-5
Calculate -3 + (-1 + 2 - (4 - 7)).
1
What is -6 + 1 - (-5 + 2 - 1)?
-1
Evaluate (-4 + 2 - -4) + 1.
3
What is the value of 3 - -3 - (3 - 0)?
3
Calculate -6 + (15 - 9) + -3.
-3
Evaluate 2 - 7 - (-15 - -8).
2
8 + (-4 - -5) + -6
3
What is the value of (-2 - 6) + 2 - -3?
-3
Calculate 1 - (-1 + 7 - 5).
0
Evaluate 0 + (3 - -1) - 7.
-3
-3 + (6 - (15 + (-7 - -4)))
-9
What is the value of (-6 - 0) + (5 - 1) + 0?
-2
Evaluate 13 + -12 - (1 + -6 + 0).
6
What is (-2 - 0) + 5 - (5 - 7)?
5
What is the value of -4 + -7 + 4 + -4 + 5?
-6
Evaluate 31 + -25 + -1 + (2 - 2).
5
What is -3 + (-3 + 4 - (-2 + 1))?
-1
Calculate -1 - (-4 - (4 - 3)).
4
Evaluate -4 + -1 + (-8 - -7).
-6
Calculate (1 - (2 + -4)) + 2.
5
Calculate -4 + (-4 - 0 - -10).
2
What is 0 - ((4 - 18) + 5)?
9
What is the value of (-2 - 2) + 2 + 1 + 2?
1
Evaluate 6 - (12 - 6) - (1 + 4).
-5
What is the value of 3 - (6 - (3 - (-7 + 6)))?
1
-9 - (-3 + 1 + -5 + 5)
-7
What is (2 + -3 - (9 + -9)) + -3?
-4
Evaluate -5 + (-2 - 0) + 3 + 1.
-3
What is (-41 - -44) + (-5 - 1)?
-3
What is the value of 3 + (-10 - -5) + 3?
1
Evaluate (-5 + -1 - (-4 + 1)) + 7.
4
Evaluate -10 - -11 - (3 + 0).
-2
What is the value of 2 - (-7 - (-9 + 7 - 2))?
5
Evaluate (-2 - -1) + (4 - 2) + -1.
0
What is the value of (107 - 105) + -2 + 0?
0
-111 + 110 + 0 + 0 + 1
0
What is the value of -21 - -31 - (9 - -1)?
0
What is the value of 4 - ((38 - 32) + 1 + -9)?
6
-2 + 1 + -3 - -7
3
What is -2 + -9 + 8 - -6?
3
What is -7 - (-8 + 7 + 1 + -2)?
-5
Evaluate -3 + -1 + 5 + -4.
-3
Evaluate 9 + -6 + -4 + 6.
5
Calculate -1 + -5 - -1 - (2 + -2).
-5
Evaluate -3 + 3 - -2 - (-2 + 4).
0
Calculate 3 + (-1 + 0 - (17 - 20))